s of s.
2, 3, 7
Let v(n) = 5*n**3 - n**2. Let a be v(1). Suppose -88 = -a*h + 20. What are the prime factors of h?
3
Let n(x) = 3*x - 3. Let y be n(3). Let o(z) = 2*z + 1. What are the prime factors of o(y)?
13
Let y = 153 + -93. List the prime factors of y.
2, 3, 5
Suppose 128 = 4*j + 2*d, d = -3*j - 2*d + 99. What are the prime factors of j?
31
Suppose 0 = -4*f + 23 - 3. Suppose 5*o = -4*v + 161, 0 = -f*o + 16 + 9. List the prime factors of v.
2, 17
Let p(h) = 2*h**2 + 9*h + 22. List the prime factors of p(8).
2, 3, 37
Let u(q) = 7*q + 3. Let g(v) = -2*v. Let j(r) = -6*g(r) - 2*u(r). Let m be j(-4). What are the prime factors of m + ((-7)/(-1) - 2)?
7
Let d = 17 - -57. List the prime factors of d.
2, 37
Let d be (2 - 0 - 3)*3. List the prime factors of 3 + d + 3*1.
3
List the prime factors of 1/(4/16) + 70.
2, 37
Suppose 4*t - 145 = -t. What are the prime factors of t?
29
Let n be 16/56 - 10/(-14). List the prime factors of n*-1 + 42/3.
13
What are the prime factors of ((-8)/18*-3)/(1/57)?
2, 19
Suppose -83 = -3*r + 283. List the prime factors of r.
2, 61
Let d(s) = s**2 + 2*s - 22. List the prime factors of d(-6).
2
Let w = 28 + 13. What are the prime factors of w?
41
Suppose 12*a - 13 = 1175. List the prime factors of a.
3, 11
Let u(b) = b**2 + 5*b - 12. What are the prime factors of u(-9)?
2, 3
Let p(y) = -y**3 + 6*y**2 - 6*y + 6. Let o be (-2)/8 + 34/8. What are the prime factors of p(o)?
2, 7
Let o(b) = -b**2 - 13*b + 5. What are the prime factors of o(-12)?
17
Suppose -20 = m - 6*m. Suppose 32 = -2*w + m*w. List the prime factors of w.
2
Suppose -183 = -4*p + 5*z, 2*p = -2*z - 0*z + 114. What are the prime factors of p?
2, 13
Let k(l) = -l**3 - 7*l**2 - l - 7. Let d be k(-6). Suppose 9 = 2*r + 113. Let a = d - r. What are the prime factors of a?
3, 5
Suppose 6 = -a - 2*h, -4*a + 20 = -2*a - 4*h. Suppose 0*w = a*w - 20. List the prime factors of w.
2, 5
Let d(z) = z**2 - 2*z - 3. Let y be -1 + 0 + -2*1. What are the prime factors of d(y)?
2, 3
Suppose -k = 5, o = -k + 1 - 3. List the prime factors of o.
3
Let q be 3/(-3) + 9 - 0. Let b(n) = -n**2 - 7*n - 3. Let i be b(-6). Suppose i*r = -r + q. List the prime factors of r.
2
Let q(p) = 2*p**2 + 13*p - 7. Let z be q(-11). Suppose 0 = -0*g - 3*g + 9, -4*g = -4*f + z. What are the prime factors of f?
2, 13
Suppose 3*i - 3 - 32 = -v, 2*i + 10 = v. Suppose 0 = 2*u - 12 - v. Suppose -l + u = -0*l. What are the prime factors of l?
2
Let w(o) = -6*o**2 + 1. Let l be w(2). Let z = 42 + l. List the prime factors of z.
19
Suppose 5*c = -4*i + 97, 28 - 78 = -2*i - 4*c. List the prime factors of i.
23
Let z = 7 - -3. Let q = -3 + z. List the prime factors of q.
7
Suppose -c - 4*v = -0*c + 7, -7 = 3*c + 5*v. Let q be (39/9)/(c/9). Suppose 3*d = 4*i - 25, -4*i - 4*d = i - q. List the prime factors of i.
7
Suppose -5*x - a = -57, -x = -2*x - a + 9. Let l = x - 4. Suppose 2*v - 26 = l. List the prime factors of v.
17
Let x be (24/15)/(2/70). Suppose -3*a = -a - x. Suppose -4*d - 4*s + 4 = -5*s, -4*d - 5*s + a = 0. List the prime factors of d.
2
Let n be (-4)/3*6/(-4). Suppose 3 = n*t + t - 3*g, 2*g - 4 = -t. Suppose -t*b - 21 = -5*b. List the prime factors of b.
7
Suppose -4*b - 435 = -9*b. List the prime factors of b.
3, 29
Suppose -5*i - 32 - 98 = 0. What are the prime factors of i/(-1) + -1*1?
5
Suppose 3*n - 6*n + 306 = 0. List the prime factors of n.
2, 3, 17
Let k(u) = u**3 - 7*u**2 + 8*u - 7. Let x be k(6). Let m(w) = w**3 - 5*w**2 - 3*w. Let g be m(x). Let t = g + 28. What are the prime factors of t?
13
Let r(m) = -26*m - 34. What are the prime factors of r(-6)?
2, 61
Let v be (-8)/6*(-9)/6. Suppose -q = 4*f - 2*f - 46, -q - v = 0. List the prime factors of f.
2, 3
Suppose -5*w - 15 = -0*r + 5*r, 5*r + 2*w = -27. Let a = r - 8. What are the prime factors of (-15)/6*18/a?
3
Suppose -p - 1 = -7. What are the prime factors of p?
2, 3
Let v(x) = -73*x**3 - 3*x**2 + 1. List the prime factors of v(-1).
71
Let m(n) be the second derivative of 2*n**3 - 3*n**2/2 - n. Let a be m(2). Suppose -6*d = i - 2*d, 2*i + d - a = 0. List the prime factors of i.
2, 3
Let z = -1 - -1. Suppose 4*i - 16 = x - z*x, 2*x + 17 = 3*i. What are the prime factors of i?
3
List the prime factors of (7/(-1))/(((-66)/24)/11).
2, 7
Let l(o) be the first derivative of -5/2*o**2 - 1/3*o**3 + 3 + 2*o. What are the prime factors of l(-4)?
2, 3
Let o be (-6)/39 - (-1932)/52. List the prime factors of o*1 + 12 + -9.
2, 5
Suppose 0 = -2*a - 6, -4*z + 2*z - 3*a - 17 = 0. Let q be 2*2*(-5)/z. Let j(y) = y**2 - 3*y - 7. List the prime factors of j(q).
3
Suppose 3*w + 3*l = -l + 451, 5*w + 5*l - 755 = 0. List the prime factors of w.
3, 17
Suppose -3*h + 6 - 1 = -5*k, 0 = -2*k + 5*h - 21. Let n(z) = z**2 + z. Let f be n(k). What are the prime factors of (f/(-15))/((-2)/50)?
2, 5
Let n be 3/(-9)*0 + 6. Let r(j) = 3*j + j - n*j. What are the prime factors of r(-6)?
2, 3
Suppose 0*b = -4*b + 60. List the prime factors of b.
3, 5
Suppose 3*b = -6, 3*p + 3*b = -11 - 13. Let t = p + 10. Suppose 4*z = o - 8, -2*o + t*z = -0*o - 16. What are the prime factors of o?
2
Suppose h - 22 = 20. List the prime factors of h.
2, 3, 7
Let h(q) = -2*q - 8. Let c be h(-6). Suppose n - c = -2*b + 2*n, 0 = -b + 5*n + 2. What are the prime factors of b?
2
Suppose 15*t = 20*t + 15. Let i be (-1)/(0 - (-1)/(-8)). Let w = t + i. What are the prime factors of w?
5
Let b(o) = o**2 + 4*o + 4. Let s be b(-4). Suppose -v - 39 = -s*v. What are the prime factors of v?
13
Let q be (1 - -48) + (-2)/1. Suppose 0 = -4*o - a - 14 + q, 3*o = -2*a + 21. Let j = o + -4. What are the prime factors of j?
5
Suppose 0 = 3*i - p - 16, p + 12 = 3*i - i. Let y = -2 + 1. Let a = i + y. What are the prime factors of a?
3
Let i(v) be the third derivative of v**5/60 + v**4/24 + 3*v**2. What are the prime factors of i(-2)?
2
Suppose 5*i - 217 = 58. List the prime factors of i.
5, 11
What are the prime factors of (0 - -12) + (-4)/(-4)?
13
Let u(m) = -13*m**3 - m**2 - 2*m - 6. List the prime factors of u(-2).
2, 7
Let q(x) = -3*x - 2. Let v be q(-2). Suppose 0 = -v*f + 97 - 17. Let j = -11 + f. What are the prime factors of j?
3
Let z = 327 + -186. List the prime factors of z.
3, 47
Let p(i) = -i**3 + 3*i**2 + 0 + 4*i**2 - 1 - 4*i. Suppose -2*f - 3*y + 15 = -2*y, 3*y + 15 = 4*f. List the prime factors of p(f).
11
Let f be -4 + 0 + 2 + 12. Suppose 0 = x - 27 + 9. Let l = x - f. What are the prime factors of l?
2
Let w = 223 + -151. List the prime factors of w.
2, 3
Suppose 0 = -3*h + 5 - 17. Let f = 11 + h. List the prime factors of f.
7
Let p(g) = g. Let b be 2/(-9) - (-32)/(-18). Let h be (4/b)/(1/(-4)). List the prime factors of p(h).
2
Suppose -2*d + 3*i + 18 = 0, -2*d - 2*d + 28 = -4*i. Suppose d*p + 14 = 4*p. List the prime factors of p.
2, 7
Let p(w) = 2*w + 4. Let y be p(5). What are the prime factors of (-4)/y - 65/(-7)?
3
Let u be -2 + (2 - (-15)/3). Suppose -u*j = -2*j - 3. Suppose -5*a - j = -21. What are the prime factors of a?
2
Suppose 228 = -3*x + 768. Suppose 5*p - p = x. List the prime factors of p.
3, 5
Suppose 4*o + 4*x + 0*x - 284 = 0, 0 = x - 1. What are the prime factors of o?
2, 5, 7
Let i(v) = v**3 - 7*v**2 - 9*v + 11. Let x be i(8). Let d = -122 + 178. Suppose -4*a + d = x*g, a + 8 = 5*g - 1. List the prime factors of a.
11
Let d(s) be the second derivative of 5*s**3/6 - s**2/2 + 3*s. Let y be d(1). Let u(o) = o**3 - 2*o**2 - 6*o + 1. List the prime factors of u(y).
3
Let o(b) = -b**3 - 7*b**2 + 6*b - 10. Let d be o(-8). List the prime factors of 4/d - 19/(-3).
7
Suppose n + p + 5 = 0, -4 + 21 = -3*n - 4*p. Let z be (-4)/(-2) - (2 + n). Suppose -4*l + l + 14 = 2*m, 0 = -5*m + z*l + 56. List the prime factors of m.
2, 5
Let q = -24 - -41. Let o = q + -5. What are the prime factors of o?
2, 3
Let q = 53 - 37. Suppose 5 = -k - 3*b, -k + 0 = -4*b - q. Suppose -3*w - 4 + 17 = k*n, -4*w + 5*n = -38. List the prime factors of w.
7
Suppose 0*u + 9 = 3*u. Suppose -u*o + 4*h + 13 - 34 = 0, h - 3 = 0. What are the prime factors of 3*(2 + o) - -11?
2
Let j = -6 - -13. Suppose 5*n + 1 = 2*q + j, -4*q - 2*n = -12. Suppose 3*g - 20 = w, -g - w + 10 = -q*w. List the prime factors of g.
5
Let y(r) = r + 1. Let k(p) = -8*p + 3. Let o(h) = -k(h) - 2*y(h). Let m be o(9). Suppose m = 3*w 